k + 42 = 5*v - 4*k. Calculate the remainder when 28 is divided by v.
4
Let l(m) = -m**3 + 14*m**2 + 2*m - 10. Calculate the remainder when 51 is divided by l(14).
15
Suppose -58 = -2*t + 2*u, -4*u - 38 = 3*t - 4*t. Calculate the remainder when 127 is divided by t.
23
Let v(g) = 4*g + 2. Let r(c) = -2*c - 1. Let i be r(-6). Suppose 5*a - i - 19 = 0. What is the remainder when v(a) is divided by 14?
12
Let f(a) = -a + 1. Let x be f(-1). Suppose 5*z = x*z + 12. Calculate the remainder when z is divided by 1/(2 + 3/(-2)).
0
Let h = 7 + 4. Calculate the remainder when 43 is divided by h.
10
Let b(i) = i + 1. Let r be b(5). Let d = -1 + 1. Suppose d - r = -k. What is the remainder when k is divided by 4?
2
Suppose 36 + 42 = 2*o. Calculate the remainder when o is divided by 14.
11
Let v(l) = 2*l - 5. Let z(d) = -d**3 + 7*d**2 - 8*d - 3. Let m be z(6). Let n = m + 22. What is the remainder when n is divided by v(4)?
1
Let s(x) = -3*x**2 - 17*x - 18. Let t(m) = -3*m**2 - 16*m - 17. Let k(h) = 5*s(h) - 6*t(h). What is the remainder when k(-6) is divided by 19?
16
Let f be 8/(-3)*3/(-2). Let q = f + 1. Suppose -3*d + 21 = -6. Calculate the remainder when d is divided by q.
4
Let s(b) be the first derivative of 3*b**2/2 - b - 3. Calculate the remainder when s(2) is divided by 2.
1
Suppose 0 = 5*r - 5*j + 150, -4*r = 4*j - 9 + 89. What is the remainder when (-15)/r*(2 - -13) is divided by 5?
4
Let k(j) = j - 5. Let s be k(5). Suppose s = -r - n + 6, 4*r - 46 - 2 = 4*n. What is the remainder when 17 is divided by r?
8
Let b(k) = -k + 2. Let v be ((-2)/(-2))/((-1)/(-2)). Let s be b(v). What is the remainder when 32 is divided by (1 - s)/(2/34)?
15
Calculate the remainder when (-1)/5 - 451/(-5) is divided by 31.
28
Let z = -23 + 12. Let t = -2 - z. Suppose c = -2*c + 51. What is the remainder when c is divided by t?
8
Let w(v) = -v**3 - 5*v**2 - 4*v + 2. Suppose 2*z - 16 = -2*g, z - 7 - 7 = -4*g. What is the remainder when w(-5) is divided by z?
4
Suppose -i = 3*r + 2*i, -r + i = -4. Suppose -4*c - 3*j + 9 = 0, 2*c + 3*c - 12 = -3*j. What is the remainder when c is divided by r?
1
Suppose s - 24 = -3*s - m, m + 6 = s. Suppose s = 2*a + a. Let t(q) = -q - 10. Calculate the remainder when t(-14) is divided by a.
0
Let r be 2 - (-4 + 3) - 0. Suppose 8*f - r*f = 50. Calculate the remainder when 27 is divided by f.
7
Suppose 3*n = n + 2. Calculate the remainder when 11 is divided by -6*1/(-2) + n.
3
Suppose v - 4*q + 80 = 5*v, -68 = -2*v + 5*q. Suppose 17 + 9 = -l. Calculate the remainder when v is divided by l*(2/1)/(-4).
11
Suppose -9 - 1 = -s. What is the remainder when s is divided by 4?
2
Suppose 5*u - 12 + 7 = 0. Let i be (-5)/(5/2) - 18. Calculate the remainder when (i/15)/((-4)/6) is divided by u.
0
Suppose -s + 3 = -8. Let x be 2*87/12*2. Suppose -67 - x = -3*w. Calculate the remainder when w is divided by s.
10
Let b(m) = -m**3 - 6*m**2 + 5*m - 8. Let l = 17 + 5. Calculate the remainder when l is divided by b(-7).
4
Let v = 27 + 5. What is the remainder when v is divided by 9 - (2 + -8)/3?
10
Suppose 4 = 3*j + 1. Suppose -3*y + 16 + 2 = 0. Suppose -3*b + 0*b = -y. Calculate the remainder when b is divided by j.
0
Let y = -21 - -76. What is the remainder when y is divided by 19?
17
Suppose 215 = 7*p - 58. What is the remainder when p is divided by 5?
4
Let j(v) = v**2 - v - 2. Let o be j(-4). Let l(b) = -b**3 - 9*b**2 + 5. Let f be l(-7). Calculate the remainder when (-4)/o*3*f is divided by 21.
20
Suppose -54 = -4*p + 58. What is the remainder when 54 is divided by p?
26
Let q(g) = 2*g + 3 - g + 1 + 13. What is the remainder when 33 is divided by q(0)?
16
Let k(o) = o**2 + 8*o - 13. Let j be k(-10). Suppose -3*l + 2*l = j. Let z = l - -12. Calculate the remainder when 17 is divided by z.
2
Suppose -w = -3*t - 26, 2*w + 4*t + 64 = 6*w. Calculate the remainder when 28 is divided by w.
6
Suppose 0 = b + b - 42. Let m = 40 - b. What is the remainder when m is divided by 10?
9
Suppose -p + v + 3*v + 34 = 0, 0 = -4*v - 20. Let u(f) = -f**2 + 2*f + 12 + 14 - 3*f. What is the remainder when u(0) is divided by p?
12
Suppose -4*d - 6*l + 81 = -l, 2*d - 3*l = 13. Let u = d - 10. Calculate the remainder when 9 is divided by u.
1
Let z(b) = 4*b**2 - 3*b + 1. Let m be z(2). Let j = m - 7. Suppose 0*g + j = g. What is the remainder when g is divided by 3?
1
Let a be 2 + (-1 - 0) + -3. Let k = a - -6. Let o = 25 - k. What is the remainder when 62 is divided by o?
20
Let s(q) = q**2 + q. Let z be s(-3). Let p = 6 + z. Let v = 44 - 21. What is the remainder when v is divided by p?
11
Let h = 14 + -3. What is the remainder when 38 is divided by h?
5
Let b(l) = 2*l**3 - 3*l**2 - 3*l + 6. Let j be b(3). Calculate the remainder when 90 is divided by (j/(-16))/((-3)/46).
21
Let m = 10 + -6. Suppose 3*i = -m*y + 269, -2*i + 6*y = 5*y - 194. What is the remainder when i is divided by 24?
23
Let s(c) = -7*c - 23. Let b(m) = m + 4. Let k(i) = -34*b(i) - 6*s(i). Let o(h) = h**2 + 3*h + 2. What is the remainder when k(4) is divided by o(-5)?
10
Suppose 4*l = 5*l - 6. Suppose 2*c + 28 = 4*n, -c + n + l - 17 = 0. Let w = c - -11. What is the remainder when 5 is divided by w?
2
Let u = 24 - 4. Suppose b = 5 + u. What is the remainder when b is divided by 7?
4
Suppose -4*z + 4 = y - 1, 0 = y - 4*z - 45. Calculate the remainder when y is divided by 9.
7
Suppose -4*s = -s - 9. Calculate the remainder when 3 is divided by s.
0
Let p = 21 - 35. Let t = p + 27. What is the remainder when t is divided by 5?
3
Suppose 17 = -6*b + 137. What is the remainder when 77 is divided by b?
17
Let n(o) = 5*o - 3. Let z = -4 - 20. Let x = 59 + z. Calculate the remainder when x is divided by n(3).
11
Let c(a) = 4*a - 21. Calculate the remainder when 86 is divided by c(9).
11
Let x = 120 - 106. What is the remainder when x is divided by 8?
6
Calculate the remainder when ((-12)/3 - -23) + 2 is divided by 6.
3
Let b = -18 - -31. Let t be 5 + 1 + (-1 - 0). Suppose 0 = -2*l + t*j + 62 - 24, -5*l + 124 = 2*j. Calculate the remainder when l is divided by b.
11
Let d(x) = -x**2 + 7*x + 10. Let l be d(8). What is the remainder when 46 is divided by l/3 + (-184)/(-12)?
14
Suppose 11 = -2*m + 4*n + 5, 12 = 3*m + n. Suppose 3 + 12 = 3*k. What is the remainder when k is divided by m?
2
Let r = -1 - -3. Let u(y) = -3*y + 4. Let z be u(3). Let j = -4 - z. Calculate the remainder when r is divided by j.
0
Suppose -2*z + 6 = 5*i, -3*i + 2*i = -2*z + 18. Suppose -20 + 82 = 3*a + 4*g, -3*g - 69 = -3*a. What is the remainder when a is divided by z?
6
Let o(j) = 5*j**2 + 7*j - 2. Let u be 8/2 - -1*2. Let b be o(u). Suppose -2*d = 2*d - b. What is the remainder when d is divided by 19?
17
Let u(o) = -o**2 - 9*o + 14. Let x be u(-10). Suppose 2*b - 3*b + x = 0. Calculate the remainder when 11 is divided by b.
3
Let n = -15 + 27. What is the remainder when (2*(-2)/4)/((-19)/855) is divided by n?
9
Let t = -9 - -26. Suppose 0 = h + 3*h - 20. What is the remainder when t is divided by h?
2
What is the remainder when 9 is divided by (-1)/(42/(-10) - -4)?
4
Let r = -73 - -82. Calculate the remainder when 23 is divided by r.
5
Let i(h) = h**2 + 2. Calculate the remainder when i(2) is divided by (-2)/(-9) + (-50)/(-18).
0
Suppose 12 = 3*i + s, 4*i + 0*s - 16 = s. Let l = 29 + -26. Suppose f + 5*q - 24 = -0*f, -i = -4*f + l*q. Calculate the remainder when 9 is divided by f.
1
Suppose -m - 235 = -5*g, -2*m = -3*g - 7*m + 169. Suppose 4*y + 8 = g. What is the remainder when y is divided by 6?
4
Let k(t) = t**3 + 10*t**2 - 2*t - 17. Calculate the remainder when k(-10) is divided by 3.
0
Let u(b) = -23*b. Let f be u(-4). Suppose -26 + f = 2*p. Let g(c) = c**3 + 7*c**2 + 3*c - 6. Calculate the remainder when p is divided by g(-6).
9
Suppose 22 = 4*g - 2. Let c(y) = y**3 + 5*y**2 - 4*y + 7. Let x be c(-6). Let q = x - -14. Calculate the remainder when q is divided by g.
3
Suppose 3*w + 0*w - 251 = -5*b, -2*b - 4*w = -92. Suppose 5*i + 17 = b. What is the remainder when i is divided by 4?
3
Let c = -16 + 6. Let w = -1 - c. Calculate the remainder when 25 is divided by w.
7
Let n = -56 + 103. Calculate the remainder when n is divided by 24.
23
Let d = -37 - -53. Calculate the remainder when 30 is divided by d.
14
Let t(k) = 4*k**2 + k**2 